1
List the prime factors of 3234662033.
3234662033
List the prime factors of 1731596244.
2, 3, 7, 20614241
What are the prime factors of 118836280?
2, 5, 2970907
List the prime factors of 4421331187.
7, 13, 1229, 3041
What are the prime factors of 2179770472?
2, 11, 2251829
List the prime factors of 17284405.
5, 3456881
List the prime factors of 1122225.
3, 5, 13, 1151
List the prime factors of 33685004.
2, 8421251
List the prime factors of 50528471.
7, 17, 24977
List the prime factors of 41172801.
3, 43, 319169
List the prime factors of 185085884.
2, 863, 53617
List the prime factors of 61483848.
2, 3, 19, 109, 1237
List the prime factors of 105562444.
2, 13, 641, 3167
What are the prime factors of 179465430?
2, 3, 5, 17, 293, 1201
What are the prime factors of 6325063798?
2, 241, 13122539
What are the prime factors of 22801596?
2, 3, 19, 97, 1031
What are the prime factors of 551682824?
2, 7, 11, 67, 13367
List the prime factors of 260373673.
7, 37196239
List the prime factors of 674446956.
2, 3, 5639, 9967
List the prime factors of 294526083.
3, 41, 479, 4999
What are the prime factors of 135470668?
2, 33867667
List the prime factors of 479339607.
3, 159779869
List the prime factors of 3776117949.
3, 113, 179, 20743
What are the prime factors of 5469600358?
2, 7193, 380203
What are the prime factors of 46536265?
5, 9307253
What are the prime factors of 34341637?
11, 233, 13399
What are the prime factors of 146833891?
89, 1649819
List the prime factors of 257862099.
3, 11, 43, 181721
List the prime factors of 576488674.
2, 61, 4725317
What are the prime factors of 195531976?
2, 37, 241, 2741
What are the prime factors of 174427793?
31, 5626703
What are the prime factors of 2613579866?
2, 1306789933
What are the prime factors of 164449052?
2, 47, 874729
List the prime factors of 44917168.
2, 2807323
What are the prime factors of 4395248?
2, 11, 13, 17, 113
What are the prime factors of 145364430?
2, 3, 5, 4845481
What are the prime factors of 5488540?
2, 5, 29, 9463
List the prime factors of 6886484599.
41, 179, 938341
List the prime factors of 65462342.
2, 11, 17, 101, 1733
List the prime factors of 533269628.
2, 23, 523, 11083
What are the prime factors of 385074972?
2, 3, 449, 2647
List the prime factors of 1776505582.
2, 888252791
What are the prime factors of 363016793?
17, 19, 43, 59, 443
What are the prime factors of 18803596?
2, 7, 671557
What are the prime factors of 91890405?
3, 5, 23, 47, 1889
List the prime factors of 514460357.
4261, 120737
List the prime factors of 62264545.
5, 7, 254141
What are the prime factors of 682728329?
37, 43, 429119
What are the prime factors of 125802324?
2, 3, 3494509
What are the prime factors of 68441417?
11, 439, 14173
List the prime factors of 165437789.
11, 15039799
What are the prime factors of 41922196?
2, 10480549
What are the prime factors of 204613043?
47, 92627
List the prime factors of 70048567.
67, 571, 1831
List the prime factors of 1486453002.
2, 3, 61, 4061347
List the prime factors of 3951905784.
2, 3, 164662741
List the prime factors of 1732352.
2, 67, 101
What are the prime factors of 154676233?
79, 103, 19009
List the prime factors of 99631826.
2, 7, 7116559
What are the prime factors of 118272635?
5, 13, 379, 4801
What are the prime factors of 38972813?
11, 3542983
List the prime factors of 487997271.
3, 71, 277, 919
What are the prime factors of 3515272822?
2, 97, 18119963
List the prime factors of 265647894.
2, 3, 43, 1029643
What are the prime factors of 3768471786?
2, 3, 31, 41, 61, 8101
What are the prime factors of 2565447057?
3, 163, 971, 1801
What are the prime factors of 64431273?
3, 21477091
List the prime factors of 8315658.
2, 3, 13, 35537
What are the prime factors of 1461692338?
2, 1823, 400903
What are the prime factors of 393668731?
393668731
What are the prime factors of 25677045?
3, 5, 570601
List the prime factors of 96150954.
2, 3, 16025159
What are the prime factors of 85274093?
503, 169531
What are the prime factors of 67293119?
67293119
List the prime factors of 286775279.
7, 41, 999217
What are the prime factors of 603888788?
2, 1451, 104047
What are the prime factors of 2348846262?
2, 3, 7, 53, 1861
What are the prime factors of 2736739?
107, 25577
List the prime factors of 44107863.
3, 3457, 4253
What are the prime factors of 82577236?
2, 7, 113, 26099
List the prime factors of 64783603.
1721, 37643
List the prime factors of 448500244.
2, 19, 227, 25997
What are the prime factors of 477881240?
2, 5, 41, 211, 1381
What are the prime factors of 118862817?
3, 39620939
What are the prime factors of 119948142?
2, 3, 19991357
List the prime factors of 52881252.
2, 3, 1381, 3191
What are the prime factors of 69251016?
2, 3, 97, 151, 197
What are the prime factors of 1449932654?
2, 724966327
What are the prime factors of 3147654120?
2, 3, 5, 13, 2017727
List the prime factors of 88587534.
2, 3, 7, 67, 31481
What are the prime factors of 369958113?
3, 7, 1307, 4493
List the prime factors of 198460211.
13669, 14519
What are the prime factors of 28529878?
2, 13, 109, 10067
What are the prime factors of 6171283031?
6171283031
List the prime factors of 424120765.
5, 31, 2736263
List the prime factors of 2146469703.
3, 7, 102212843
List the prime factors of 78269122.
2, 17, 71, 32423
What are the prime factors of 612455949?
3, 7, 1388789
What are the prime factors of 55483542?
2, 3, 101, 3391
What are the prime factors of 48298235?
5, 9659647
List the prime factors of 4213148.
2, 31, 61, 557
What are the prime factors of 5079536726?
2, 11, 17, 97, 163, 859
List the prime factors of 6888967872.
2, 3, 67, 535523
What are the prime factors of 3386993602?
2, 2671, 634031
What are the prime factors of 3340969147?
211, 15833977
List the prime factors of 6635220470.
2, 5, 19, 31, 1126523
List the prime factors of 94893004.
2, 59, 402089
List the prime factors of 98314189.
19, 5174431
What are the prime factors of 121758133?
7, 17394019
List the prime factors of 7146659694.
2, 3, 163, 401, 18223
What are the prime factors of 1860288233?
19, 5153153
What are the prime factors of 154477449?
3, 7, 38921
List the prime factors of 4262581450.
2, 5, 839, 101611
What are the prime factors of 274213023?
3, 7, 401, 32563
What are the prime factors of 3251887430?
2, 5, 11, 19, 23, 61, 1109
What are the prime factors of 230999140?
2, 5, 37, 312161
List the prime factors of 878568726.
2, 3, 7, 61, 48989
What are the prime factors of 88961801?
37, 151, 15923
List the prime factors of 736067264.
2, 11501051
List the prime factors of 80308913.
80308913
What are the prime factors of 1106202806?
2, 553101403
List the prime factors of 33760569.
3, 149, 75527
What are the prime factors of 2129774205?
3, 5, 13, 37, 295187
What are the prime factors of 17467296?
2, 3, 7, 11, 17, 139
What are the prime factors of 415216420?
2, 5, 67, 163, 1901
What are the prime factors of 585560734?
2, 11, 19, 1400863
What are the prime factors of 320023811?
661, 484151
List the prime factors of 4928502.
2, 3, 563, 1459
List the prime factors of 115933568.
2, 41, 22091
What are the prime factors of 1440684361?
59, 24418379
What are the prime factors of 10664253?
3, 17, 47, 1483
What are the prime factors of 92235560?
2, 5, 2305889
What are the prime factors of 4018348744?
2, 9341, 53773
List the prime factors of 556453342.
2, 19, 479, 1609
List the prime factors of 821478327.
3, 23, 11905483
What are the prime factors of 780994021?
277, 2819473
List the prime factors of 38148261.
3, 12716087
What are the prime factors of 74942635?
5, 14988527
List the prime factors of 1381971155.
5, 276394231
What are the prime factors of 1299652104?
2, 3, 54152171
List the prime factors of 239846589.
3, 987023
List the prime factors of 1343361502.
2, 7, 31, 823, 3761
List the prime factors of 118107795.
3, 5, 13, 73, 8297
List the prime factors of 414641260.
2, 5, 11, 43, 53, 827
List the prime factors of 197562295.
5, 7, 23, 245419
List the prime factors of 4370391195.
3, 5, 17, 17138789
List the prime factors of 109502533.
7, 229, 68311
What are the prime factors of 6647335687?
19, 1733, 201881
List the prime factors of 1967021975.
5, 17, 4628287
What are the prime factors of 199150676?
2, 49787669
List the prime factors 